 be (z/(-2))/((-5)/(-10)). Suppose -6*p + p = -y. Is p a composite number?
False
Suppose 3 = x - s, -x + 9 = x - 5*s. Suppose 0 = g + 2*c - 1325, -c = x*c + 12. Is g a prime number?
False
Let a(h) = 40*h**2 + 10*h + 14. Let g be a(8). Let b = g - 123. Is b prime?
True
Let o = 14959 - 2670. Is o composite?
False
Let w = 252 - 250. Is 1/(w/(-21) - (-55)/555) composite?
True
Let g = 27 - 25. Let b = 1 - g. Is (20 + b)/(21/42) prime?
False
Let y(q) = 109*q - 414. Let i be y(4). Let o(x) = 7*x**3 - 11*x**2 - 9*x - 3. Let f be o(-7). Is (-2)/((-4)/i - f/16566) a composite number?
False
Suppose -73*m - 30551 + 350395 = -59*m. Is m a prime number?
False
Let c(u) = 78668*u**2 + 20*u - 11. Is c(1) prime?
False
Is 3 - ((-11877660)/19 + (-2 - -6)) a composite number?
True
Suppose -28*d + 31*d - 5*o = 5, -1 = -4*d + o. Let p(k) = -5*k**2 - 2*k + 57119. Is p(d) a composite number?
False
Let n(y) = 81*y**2 + 98*y - 409. Is n(4) composite?
False
Let d = -618 + 618. Suppose 5*u - 394 = -v, -13*v + 12*v + 3*u + 386 = d. Is v prime?
True
Suppose -9*s + 23*s - 18701 - 1553821 = 0. Is s composite?
True
Suppose 2*t - 46 = -16. Suppose -u - 4*u = -5*w - 2145, t = 5*w. Suppose -12 = -4*n, 4*n = -2*i - 66 + u. Is i composite?
True
Let n = 18 - 14. Let i be 24168/(-16) + (-2)/n. Let t = 3094 + i. Is t prime?
True
Let u(j) = 35*j**2 - 26*j + 844. Is u(-45) composite?
False
Suppose 0 = 5*z - z - 160. Let l = z - 29. Suppose -l*y = -5*y - 2262. Is y prime?
False
Let o = 15350 + -3391. Is o a composite number?
False
Let p = 144 + -141. Suppose -o = -v - v - 157, p*o + 4*v - 501 = 0. Is o a composite number?
False
Suppose -13*y + 12708 = -7*y. Suppose -y + 17783 = 5*p. Is p composite?
True
Let v be ((-63)/(-13) - 8/(-52)) + -4. Is ((-2)/3 + v)/(73/163155) a prime number?
False
Let q = -6211 + 14109. Let a = 13159 - q. Is a composite?
False
Suppose 7*f + 4*f + 2200 = 0. Let s = -51 - f. Is (3/3)/1*s prime?
True
Suppose 3*z = -2*o + 571, o - 5*o - 3*z + 1157 = 0. Let k = -111 + o. Let g = k - 108. Is g a composite number?
True
Let z(a) = 2903*a + 14515. Let n(b) = 1. Let h(t) = -14515*n(t) + z(t). Is h(2) composite?
True
Let a(u) be the third derivative of 7*u**5/30 - 25*u**4/24 + 5*u**3/2 - 20*u**2. Let d be a(18). Suppose d = 3*r - 1746. Is r composite?
False
Let c(b) = 12249*b + 6. Let x be c(-1). Is 4/(-14) + x/(-147) composite?
False
Let k = 1509 + -2210. Let j = -478 - k. Is j prime?
True
Let k be (-6)/(-33) - 38980/(-22). Suppose 0 = -2*v + 4646 - k. Is v a prime number?
False
Suppose -7*d = -10*d + 2*p + 799177, 0 = d + 5*p - 266364. Is d a prime number?
False
Suppose -3 + 27 = 12*z. Suppose z*f + 12*f = 25690. Is f prime?
False
Let g be (-19)/7 + (420/98)/(-15). Let a(w) = -841*w - 2 - 1 - 5. Is a(g) a composite number?
True
Is -4*(-13274)/28*1372/392 a prime number?
True
Let w = 4956 - 310. Let c = -3261 + w. Is c a composite number?
True
Suppose -2*j + 9509 = -4*c + 3643, 2*j + c - 5866 = 0. Let u = 3068 + j. Is u composite?
True
Suppose 4*s = -g - 157, -5*g + 209 = -5*s - 2*g. Let l be s/20*(1 + -3). Suppose -l*o + 4*b + 324 = 0, -o - 2*b = 3*o - 300. Is o a prime number?
False
Is 22 + -2*(-1544072)/16 prime?
True
Suppose -2*y + 6172 = -d, 3*d = -3*y - 444 + 9711. Let k = 7808 - y. Is k a composite number?
False
Let k(h) = -9*h**2 + 2*h + 38*h**2 + 21 - 10. Suppose 0 = 3*c - 2*c + 6. Is k(c) a composite number?
True
Is ((-2)/(-6))/(((-22)/(-4071474))/1) a composite number?
True
Suppose 26*i - 31*i - 5670 = 0. Let m = 1655 + i. Is m prime?
True
Is (-902130)/(-60)*(-6 - -12) a composite number?
True
Suppose 3*h = -3*h + 18. Suppose 4*p - 2*o - o + 9128 = 0, -h*o - 9128 = 4*p. Let b = -1441 - p. Is b composite?
True
Let n(f) = -f**3 - f**2 + 10*f + 10. Let h be n(-4). Let b(q) = q**2 - 19*q + 21. Let o be b(h). Is (-5 + o + 3)/1*521 composite?
False
Let c(v) = 10*v - 15. Let m be c(5). Suppose -30*f + m*f = 1525. Let a = 748 - f. Is a a prime number?
True
Let o(r) = r**3 + 3*r**2 - 1. Let q be o(-2). Suppose 12 = 3*x - q. Suppose 0 = x*l + 10 + 15, -2*a + l + 1795 = 0. Is a composite?
True
Let a(k) = 42*k**2 - k + 5. Let s = 18 + -12. Is a(s) a prime number?
True
Suppose -34 = -2*a + k, -5*a + 83 = 2*k + 7. Let v = a - -482. Suppose 6*c - v = -0*c. Is c prime?
True
Suppose 3*c + 2*o - 3*o = 9424, -5*o - 9404 = -3*c. Is c prime?
False
Let t = 111903 + -72404. Is t a prime number?
True
Let u = -507 - -164. Let o = 214 - u. Is o a prime number?
True
Let r(y) = 5*y**3 - 9*y**2 - 3*y + 19. Suppose 4*j = -3*u + 33, 5*u - 9 = -4*j + 5*j. Is r(j) a prime number?
True
Suppose -4*i = 2*l - 14, -l = 5*i - i - 9. Suppose a - 339 = -l*r, -4*a - 32 - 86 = -2*r. Let v = 546 + r. Is v composite?
False
Let r(s) = 2*s**2 - 3*s - 7. Let d be r(3). Let k be (-3194 + 1)/(d + -3). Suppose -k = -w - 2*a, -3*w + 2*a + 13446 - 3843 = 0. Is w a composite number?
True
Suppose 2*c + 294 = -o + 4*o, 3*c + 475 = -4*o. Let x = c + 315. Suppose 4*l - 106 = x. Is l a prime number?
True
Let n(z) = 12*z**3. Let v be n(1). Let j(y) = 23*y + 215 - 6*y - v*y - 7*y. Is j(0) a prime number?
False
Let j(p) = -5169*p - 53. Let b be j(-3). Let t = b - 8991. Is t prime?
False
Let v(n) = 462*n**2 - 124*n + 6701. Is v(63) a prime number?
False
Is 325382 + ((-18)/(-12))/((-2)/4) composite?
False
Let z be ((-17166)/(-20) + 6/30)*2. Suppose -2*k + z + 97 = 0. Is k a prime number?
True
Suppose 45*c - 1110671 = 16*c. Is c a composite number?
False
Suppose 5*m = -7*m + 84. Suppose -o = -m*o - 60. Let p(d) = 12*d**2 + 3*d - 7. Is p(o) a composite number?
False
Is (3/((-15)/(-607730) - 0))/(14/7) a prime number?
True
Suppose 3*n = 6, 2033255 = -0*p + 3*p + 4*n. Is p composite?
True
Suppose -5*s = 2*c + 2*c - 45, -2*s - 15 = -5*c. Suppose -3*b + 4*m + 2 = 0, s*b - m + 18 = -5*m. Is ((-5)/b)/(1/202) composite?
True
Suppose 71*p = -55*p + 10984302. Is p prime?
False
Suppose 5*i = -2*f + 10682 + 16791, -f + 13739 = 2*i. Suppose 3*k = 5*j - 13742, -6*k + 10*k = -5*j + f. Is j a prime number?
True
Suppose 2*s - 2*i + 5 - 39 = 0, -3*s + 26 = 2*i. Let t(d) = -d**3 + 2*d**2 + 12*d + 17. Let q be t(s). Let b = q + 1852. Is b prime?
False
Suppose 3*d - 4047 = -3*z, -z = -5*d - 2059 + 734. Suppose i - z = 4*t, -4*t + 0*t = -16. Is i prime?
True
Let d(n) = n**3 + 2*n**2 + 11*n + 15. Let i be d(-2). Let q(a) = -470*a + 99. Is q(i) a prime number?
True
Let m = 37 - 35. Suppose m*f - b - 43 = 4*b, 2*f - 51 = -3*b. Suppose 284 = -20*i + f*i. Is i a prime number?
True
Let z = 45 - 36. Suppose -4*t + 12 - 45 = 5*w, 2*t = 5*w - z. Is (-13515)/(-7) + (-2)/t prime?
True
Let i be 4/5*(-4 - 1) + 7. Suppose -i*f = -8364 + 2244. Is (-6 + 4 - -7) + f a composite number?
True
Suppose -3*u - 19363 = -5*k, -5*u + 2*k = 2270 + 30027. Let s = 12200 + u. Suppose 2*q = -5*z - 2*q + s, 4608 = 4*z - q. Is z a composite number?
False
Suppose 68*p = 81*p. Is (-50721)/(-6) + p + (-2)/4 a composite number?
True
Let n(c) be the third derivative of -c**6/120 - 2*c**5/5 - 23*c**4/24 - 95*c**3/6 + 15*c**2. Is n(-29) prime?
False
Suppose 177*f = 172*f + 62615. Suppose 3*p + f = 2*z, -p + 6242 = z + 4*p. Is z a composite number?
False
Suppose -3*a + 2*o + 1575 = -297, 4*a + 2*o - 2510 = 0. Suppose 4*g + a = 2*c, 5*c + 686 = 3*g + 2272. Is c composite?
True
Let g be ((-109830)/45)/(4/6). Let j = g - -5590. Is j a composite number?
True
Suppose 11072741 = 3*u + z, -5*z + 14763684 = -116*u + 120*u. Is u prime?
False
Suppose 0 = -4*b + b - 18. Let z be (-51)/b*94*-1. Let v = -392 - z. Is v prime?
False
Let b = 110539 + -27416. Is b prime?
False
Suppose 72*l - 362798506 = -312*l - 54583594. Is l a prime number?
True
Let k = 49223 + 57816. Is k a composite number?
True
Let u = 1033217 - 711256. Is u prime?
True
Let z(p) be the second derivative of 5/6*p**3 - 5/2*p**2 + 0 + 227/12*p**4 - 32*p. Is z(3) prime?
True
Let d(p) = -4*p**2 + 14*p - 4. Let v be d(9). Let a = -149 - v. Is a composite?
False
Suppose 42*h - 29*h + 588077 = 20*h. Is h a composite number?
False
Let w = 400000 + 542473. Is w a prime number?
False
Suppose -2*k = 4*k - 24. Suppose 11 = -0*z + 3*z - n, -3*z - k*n + 16 = 0. Suppose 1 = y, 2*y - z*y = -4*r + 1266. Is r prime?
True
Let f be (0 - (2 + 0) - -2)/(-2). Let r = 11 - f. Suppose r*g - 9129 = 914. Is g a prime number?
False
Let y = 297371 + -204